{"id":93,"date":"2023-10-30T14:09:20","date_gmt":"2023-10-30T13:09:20","guid":{"rendered":"https:\/\/hebi.sk\/?page_id=93"},"modified":"2024-09-03T09:46:09","modified_gmt":"2024-09-03T07:46:09","slug":"priemyselna-oblast-pouzitia","status":"publish","type":"page","link":"https:\/\/hebi.sk\/?page_id=93","title":{"rendered":"Priemyseln\u00e1 oblas\u0165 pou\u017eitia"},"content":{"rendered":"\n<p>Priemyseln\u00e9 \u010distenie odpadov\u00fdch v\u00f4d prispieva k trvalo udr\u017eate\u013en\u00e9mu vyu\u017e\u00edvaniu obmedzen\u00fdch vodn\u00fdch zdrojov.\u00a0Presadzuje dodr\u017eiavanie pr\u00e1vnych predpisov a podporuje pozit\u00edvny imid\u017e a spolo\u010densk\u00fa zodpovednos\u0165 firiem.\u00a0Priemyseln\u00e1 odpadov\u00e1 voda je zvy\u010dajne viac zne\u010disten\u00e1 ako komun\u00e1lna odpadov\u00e1 voda, a preto si vy\u017eaduje \u0161peci\u00e1lne \u010distenie.\u00a0Na\u0161a spolo\u010dnos\u0165 sa \u0161pecializuje na \u010distenie priemyseln\u00fdch odpadov\u00fdch v\u00f4d.\u00a0\u010cistiarne odpadov\u00fdch v\u00f4d ClearFox\u00ae zabezpe\u010duj\u00fa, aby ka\u017ed\u00fd priemyseln\u00fd podnik dodr\u017eiaval pr\u00edsne predpisy o vyp\u00fa\u0161\u0165an\u00ed.<\/p>\n\n\n\n<p><a href=\"https:\/\/hebi.sk\/?page_id=95\">A\u017e 10m3\/de\u0148<\/a><\/p>\n\n\n\n<p><a href=\"https:\/\/hebi.sk\/?page_id=98\">A\u017e 100m3\/de\u0148<\/a><\/p>\n\n\n\n<p><a href=\"https:\/\/hebi.sk\/?page_id=100\">A\u017e 1000m3\/de\u0148<\/a><\/p>\n\n\n\n<p><a href=\"https:\/\/hebi.sk\/?page_id=102\">Viac ako 1000m3\/de\u0148<\/a><\/p>\n\n\n\n<p><\/p>\n\n\n\n<p>Chceli by ste viac inform\u00e1ci\u00ed? H\u013ead\u00e1te dom\u00e1cu \u010disti\u010dku odpadov\u00fdch v\u00f4d a potrebujete \u010fal\u0161ie inform\u00e1cie?&nbsp;Nev\u00e1hajte n\u00e1s kontaktova\u0165!&nbsp;<\/p>\n\n\n\n<div class=\"wp-block-buttons is-layout-flex wp-block-buttons-is-layout-flex\">\n<div class=\"wp-block-button\"><a class=\"wp-block-button__link wp-element-button\" href=\"https:\/\/hebi.sk\/?page_id=136\">Kontaktn\u00fd formul\u00e1r<\/a><\/div>\n<\/div>\n\n\n\n<p><\/p>\n","protected":false},"excerpt":{"rendered":"<p>Priemyseln\u00e9 \u010distenie odpadov\u00fdch v\u00f4d prispieva k trvalo udr\u017eate\u013en\u00e9mu vyu\u017e\u00edvaniu obmedzen\u00fdch vodn\u00fdch zdrojov.\u00a0Presadzuje dodr\u017eiavanie pr\u00e1vnych predpisov a podporuje pozit\u00edvny imid\u017e a spolo\u010densk\u00fa zodpovednos\u0165 firiem.\u00a0Priemyseln\u00e1 odpadov\u00e1 voda je zvy\u010dajne viac zne\u010disten\u00e1 ako komun\u00e1lna odpadov\u00e1 voda, a preto si vy\u017eaduje \u0161peci\u00e1lne \u010distenie.\u00a0Na\u0161a spolo\u010dnos\u0165 sa \u0161pecializuje na \u010distenie priemyseln\u00fdch odpadov\u00fdch v\u00f4d.\u00a0\u010cistiarne odpadov\u00fdch v\u00f4d ClearFox\u00ae zabezpe\u010duj\u00fa, aby ka\u017ed\u00fd priemyseln\u00fd podnik [&hellip;]<\/p>\n","protected":false},"author":1,"featured_media":0,"parent":0,"menu_order":0,"comment_status":"closed","ping_status":"closed","template":"","meta":{"footnotes":""},"class_list":["post-93","page","type-page","status-publish","hentry"],"_links":{"self":[{"href":"https:\/\/hebi.sk\/index.php?rest_route=\/wp\/v2\/pages\/93","targetHints":{"allow":["GET"]}}],"collection":[{"href":"https:\/\/hebi.sk\/index.php?rest_route=\/wp\/v2\/pages"}],"about":[{"href":"https:\/\/hebi.sk\/index.php?rest_route=\/wp\/v2\/types\/page"}],"author":[{"embeddable":true,"href":"https:\/\/hebi.sk\/index.php?rest_route=\/wp\/v2\/users\/1"}],"replies":[{"embeddable":true,"href":"https:\/\/hebi.sk\/index.php?rest_route=%2Fwp%2Fv2%2Fcomments&post=93"}],"version-history":[{"count":5,"href":"https:\/\/hebi.sk\/index.php?rest_route=\/wp\/v2\/pages\/93\/revisions"}],"predecessor-version":[{"id":563,"href":"https:\/\/hebi.sk\/index.php?rest_route=\/wp\/v2\/pages\/93\/revisions\/563"}],"wp:attachment":[{"href":"https:\/\/hebi.sk\/index.php?rest_route=%2Fwp%2Fv2%2Fmedia&parent=93"}],"curies":[{"name":"wp","href":"https:\/\/api.w.org\/{rel}","templated":true}]}}