{"id":8,"date":"2023-10-29T13:47:16","date_gmt":"2023-10-29T12:47:16","guid":{"rendered":"https:\/\/hebi.sk\/?page_id=8"},"modified":"2024-08-28T09:35:46","modified_gmt":"2024-08-28T07:35:46","slug":"o-nas","status":"publish","type":"page","link":"https:\/\/hebi.sk\/?page_id=8","title":{"rendered":"O n\u00e1s"},"content":{"rendered":"\n<p>Na\u0161a spolo\u010dnos\u0165 HeBi sa od za\u010diatku s\u00fastre\u010fuje na  v\u00fdstavbu zariaden\u00ed na \u010distenie odpadov\u00fdch v\u00f4d a kalov.<\/p>\n\n\n\n<p>Biologick\u00e9 \u010disti\u010dky odpadov\u00fdch v\u00f4d s\u00fa na\u0161ou \u0161pecialitou a predstavuj\u00fa technol\u00f3giu bud\u00facnosti. Sme hrd\u00ed na to, \u017ee v\u00e1m m\u00f4\u017eeme pon\u00faknu\u0165 \u0161irok\u00fd v\u00fdber ekologicky \u0161etrn\u00fdch rie\u0161en\u00ed, ktor\u00e9 vyu\u017e\u00edvaj\u00fa pr\u00edrodn\u00e9 procesy a mikroorganizmy na odstr\u00e1nenie ne\u010dist\u00f4t z odpadov\u00fdch v\u00f4d.<\/p>\n\n\n\n<p>Na\u0161e biologick\u00e9 \u010disti\u010dky nie s\u00fa len efekt\u00edvne a spo\u013eahliv\u00e9, ale aj energeticky efekt\u00edvne. S\u00fa navrhnut\u00e9 tak, aby minimalizovali spotrebu energie a z\u00e1rove\u0148 zni\u017eovali emisie \u0161kodliv\u00fdch l\u00e1tok do ovzdu\u0161ia. To znamen\u00e1, \u017ee nielen \u010dist\u00edme vodu, ale aj chr\u00e1nime na\u0161u atmosf\u00e9ru.<\/p>\n\n\n\n<p>S nami m\u00f4\u017eete by\u0165 ist\u00ed, \u017ee va\u0161e invest\u00edcie do \u010distenia odpadov\u00fdch v\u00f4d prispej\u00fa k ochrane \u017eivotn\u00e9ho prostredia a z\u00e1rove\u0148 v\u00e1m poskytn\u00fa dlhodob\u00e9 a spo\u013eahliv\u00e9 rie\u0161enia pre va\u0161e potreby.<\/p>\n\n\n\n<p>Pre\u010do si vybra\u0165 na\u0161e biologick\u00e9 \u010disti\u010dky odpadov\u00fdch v\u00f4d? Preto\u017ee ver\u00edme, \u017ee \u010dist\u00e1 voda je z\u00e1kladn\u00fdm pr\u00e1vom ka\u017ed\u00e9ho \u010dloveka, a sme odhodlan\u00ed pracova\u0165 na dosiahnut\u00ed tejto v\u00edzie. Spolo\u010dne m\u00f4\u017eeme dosiahnu\u0165 \u010distej\u0161ie vody a zanecha\u0165 trval\u00fd odkaz pre bud\u00face gener\u00e1cie.<\/p>\n\n\n\n<p> Razte s nami na tejto ceste k \u010distej\u0161iemu a zdrav\u0161iemu \u017eivotn\u00e9mu prostrediu. \u010eakujeme v\u00e1m, \u017ee ste sa rozhodli nav\u0161t\u00edvi\u0165 na\u0161u str\u00e1nku, a sme pripraven\u00ed odpoveda\u0165 na va\u0161e ot\u00e1zky a pom\u00f4c\u0165 v\u00e1m pri rie\u0161en\u00ed va\u0161ich potrieb v oblasti \u010distenia odpadov\u00fdch v\u00f4d.&#8220;<\/p>\n","protected":false},"excerpt":{"rendered":"<p>Na\u0161a spolo\u010dnos\u0165 HeBi sa od za\u010diatku s\u00fastre\u010fuje na v\u00fdstavbu zariaden\u00ed na \u010distenie odpadov\u00fdch v\u00f4d a kalov. Biologick\u00e9 \u010disti\u010dky odpadov\u00fdch v\u00f4d s\u00fa na\u0161ou \u0161pecialitou a predstavuj\u00fa technol\u00f3giu bud\u00facnosti. Sme hrd\u00ed na to, \u017ee v\u00e1m m\u00f4\u017eeme pon\u00faknu\u0165 \u0161irok\u00fd v\u00fdber ekologicky \u0161etrn\u00fdch rie\u0161en\u00ed, ktor\u00e9 vyu\u017e\u00edvaj\u00fa pr\u00edrodn\u00e9 procesy a mikroorganizmy na odstr\u00e1nenie ne\u010dist\u00f4t z odpadov\u00fdch v\u00f4d. Na\u0161e biologick\u00e9 \u010disti\u010dky [&hellip;]<\/p>\n","protected":false},"author":1,"featured_media":44,"parent":0,"menu_order":0,"comment_status":"closed","ping_status":"closed","template":"","meta":{"footnotes":""},"class_list":["post-8","page","type-page","status-publish","has-post-thumbnail","hentry"],"_links":{"self":[{"href":"https:\/\/hebi.sk\/index.php?rest_route=\/wp\/v2\/pages\/8","targetHints":{"allow":["GET"]}}],"collection":[{"href":"https:\/\/hebi.sk\/index.php?rest_route=\/wp\/v2\/pages"}],"about":[{"href":"https:\/\/hebi.sk\/index.php?rest_route=\/wp\/v2\/types\/page"}],"author":[{"embeddable":true,"href":"https:\/\/hebi.sk\/index.php?rest_route=\/wp\/v2\/users\/1"}],"replies":[{"embeddable":true,"href":"https:\/\/hebi.sk\/index.php?rest_route=%2Fwp%2Fv2%2Fcomments&post=8"}],"version-history":[{"count":2,"href":"https:\/\/hebi.sk\/index.php?rest_route=\/wp\/v2\/pages\/8\/revisions"}],"predecessor-version":[{"id":217,"href":"https:\/\/hebi.sk\/index.php?rest_route=\/wp\/v2\/pages\/8\/revisions\/217"}],"wp:featuredmedia":[{"embeddable":true,"href":"https:\/\/hebi.sk\/index.php?rest_route=\/wp\/v2\/media\/44"}],"wp:attachment":[{"href":"https:\/\/hebi.sk\/index.php?rest_route=%2Fwp%2Fv2%2Fmedia&parent=8"}],"curies":[{"name":"wp","href":"https:\/\/api.w.org\/{rel}","templated":true}]}}