{"id":30,"date":"2023-10-29T16:35:25","date_gmt":"2023-10-29T15:35:25","guid":{"rendered":"https:\/\/hebi.sk\/?page_id=30"},"modified":"2024-09-03T09:18:55","modified_gmt":"2024-09-03T07:18:55","slug":"komunalna-oblast-pouzitia","status":"publish","type":"page","link":"https:\/\/hebi.sk\/?page_id=30","title":{"rendered":"Komun\u00e1lna oblas\u0165 pou\u017eitia"},"content":{"rendered":"\n<p>\u010cistenie odpadov\u00fdch v\u00f4d umo\u017e\u0148uje efekt\u00edvnu a ekologick\u00fa likvid\u00e1ciu odpadov\u00fdch v\u00f4d z dom\u00e1cnost\u00ed, priemyslu a obchodu.\u00a0Tento proces odstra\u0148uje \u0161kodliv\u00e9 l\u00e1tky, ne\u010distoty a patog\u00e9ny sk\u00f4r, ako sa vy\u010disten\u00e1 voda dostane do riek alebo podzemn\u00fdch v\u00f4d. Na\u0161a spolo\u010dnos\u0165  pon\u00faka r\u00f4zne rie\u0161enia na \u010distenie odpadov\u00fdch v\u00f4d.\u00a0Zistite viac o r\u00f4znych zdrojoch a met\u00f3dach \u00fapravy \u0161pinavej vody.<\/p>\n\n\n\n<p><a href=\"https:\/\/hebi.sk\/?page_id=46\" data-type=\"page\" data-id=\"46\">4 \u2013 50 EQ<\/a><\/p>\n\n\n\n<p><a href=\"https:\/\/hebi.sk\/?page_id=49\" data-type=\"page\" data-id=\"49\">50 \u2013 500EQ<\/a><\/p>\n\n\n\n<p><a href=\"https:\/\/hebi.sk\/?page_id=52\" data-type=\"page\" data-id=\"52\">500 \u2013 5000EQ<\/a><\/p>\n\n\n\n<p><a href=\"https:\/\/hebi.sk\/?page_id=54\" data-type=\"page\" data-id=\"54\">5000 a&nbsp;viac&nbsp;<\/a><\/p>\n\n\n\n<p>Chceli by ste viac inform\u00e1ci\u00ed? H\u013ead\u00e1te dom\u00e1cu \u010disti\u010dku odpadov\u00fdch v\u00f4d a potrebujete \u010fal\u0161ie inform\u00e1cie?&nbsp;Nev\u00e1hajte n\u00e1s kontaktova\u0165!&nbsp;<\/p>\n\n\n\n<p><\/p>\n\n\n\n<div class=\"wp-block-buttons is-layout-flex wp-block-buttons-is-layout-flex\">\n<div class=\"wp-block-button\"><a class=\"wp-block-button__link wp-element-button\" href=\"https:\/\/hebi.sk\/?page_id=136\">Kontaktn\u00fd formul\u00e1r<\/a><\/div>\n<\/div>\n\n\n\n<p><\/p>\n\n\n\n<p><\/p>\n","protected":false},"excerpt":{"rendered":"<p>\u010cistenie odpadov\u00fdch v\u00f4d umo\u017e\u0148uje efekt\u00edvnu a ekologick\u00fa likvid\u00e1ciu odpadov\u00fdch v\u00f4d z dom\u00e1cnost\u00ed, priemyslu a obchodu.\u00a0Tento proces odstra\u0148uje \u0161kodliv\u00e9 l\u00e1tky, ne\u010distoty a patog\u00e9ny sk\u00f4r, ako sa vy\u010disten\u00e1 voda dostane do riek alebo podzemn\u00fdch v\u00f4d. Na\u0161a spolo\u010dnos\u0165 pon\u00faka r\u00f4zne rie\u0161enia na \u010distenie odpadov\u00fdch v\u00f4d.\u00a0Zistite viac o r\u00f4znych zdrojoch a met\u00f3dach \u00fapravy \u0161pinavej vody. 4 \u2013 50 EQ [&hellip;]<\/p>\n","protected":false},"author":1,"featured_media":44,"parent":0,"menu_order":0,"comment_status":"closed","ping_status":"closed","template":"","meta":{"footnotes":""},"class_list":["post-30","page","type-page","status-publish","has-post-thumbnail","hentry"],"_links":{"self":[{"href":"https:\/\/hebi.sk\/index.php?rest_route=\/wp\/v2\/pages\/30","targetHints":{"allow":["GET"]}}],"collection":[{"href":"https:\/\/hebi.sk\/index.php?rest_route=\/wp\/v2\/pages"}],"about":[{"href":"https:\/\/hebi.sk\/index.php?rest_route=\/wp\/v2\/types\/page"}],"author":[{"embeddable":true,"href":"https:\/\/hebi.sk\/index.php?rest_route=\/wp\/v2\/users\/1"}],"replies":[{"embeddable":true,"href":"https:\/\/hebi.sk\/index.php?rest_route=%2Fwp%2Fv2%2Fcomments&post=30"}],"version-history":[{"count":11,"href":"https:\/\/hebi.sk\/index.php?rest_route=\/wp\/v2\/pages\/30\/revisions"}],"predecessor-version":[{"id":545,"href":"https:\/\/hebi.sk\/index.php?rest_route=\/wp\/v2\/pages\/30\/revisions\/545"}],"wp:featuredmedia":[{"embeddable":true,"href":"https:\/\/hebi.sk\/index.php?rest_route=\/wp\/v2\/media\/44"}],"wp:attachment":[{"href":"https:\/\/hebi.sk\/index.php?rest_route=%2Fwp%2Fv2%2Fmedia&parent=30"}],"curies":[{"name":"wp","href":"https:\/\/api.w.org\/{rel}","templated":true}]}}