{"id":146,"date":"2023-10-30T14:59:35","date_gmt":"2023-10-30T13:59:35","guid":{"rendered":"https:\/\/hebi.sk\/?page_id=146"},"modified":"2024-08-28T11:42:27","modified_gmt":"2024-08-28T09:42:27","slug":"mala-cistiaren-odpadovych-vod-pre-rodinny-dom-lotyssko","status":"publish","type":"page","link":"https:\/\/hebi.sk\/?page_id=146","title":{"rendered":"Mal\u00e1 \u010distiare\u0148 odpadov\u00fdch v\u00f4d pre rodinn\u00fd dom Loty\u0161sko"},"content":{"rendered":"\n<p>Realiz\u00e1cia: 2022<\/p>\n\n\n\n<p>Miesto: Loty\u0161sko<\/p>\n\n\n\n<p>Pou\u017eitie: Mal\u00e1 \u010distiare\u0148 odpadov\u00fdch v\u00f4d v plastov\u00fdch n\u00e1dr\u017eiach<\/p>\n\n\n\n<p>Ve\u013ekos\u0165: 4 EW<\/p>\n\n\n\n<p>Modul: ClearFox\u00ae QuickOne SBR<\/p>\n\n\n\n<p>Vlastnosti: Poskytovanie v\u0161etk\u00fdch inform\u00e1ci\u00ed pre nez\u00e1visl\u00e9 uvedenie do prev\u00e1dzky, priame vyp\u00fa\u0161\u0165anie, spo\u013eahliv\u00e9 a dlhotrvaj\u00face \u010distenie odpadov\u00fdch v\u00f4d<\/p>\n\n\n\n<p>Sektor: \u010cistenie odpadov\u00fdch v\u00f4d z dom\u00e1cnost\u00ed<\/p>\n\n\n\n<p><strong>Situ\u00e1cia<\/strong><strong><\/strong><\/p>\n\n\n\n<p>V Loty\u0161sku \u2013 najm\u00e4 vo vidieckych oblastiach \u2013 nie je \u010distenie komun\u00e1lnych odpadov\u00fdch v\u00f4d dostupn\u00e9 plo\u0161ne. Komun\u00e1lne \u010distiarne odpadov\u00fdch v\u00f4d s\u00fa \u010dasto zastaran\u00e9 a neefekt\u00edvne, preto sa domov\u00e9 odpadov\u00e9 vody niekedy odv\u00e1dzaj\u00fa n\u00e1kladn\u00fdmi autami. Z tohto d\u00f4vodu sa v mnoh\u00fdch pr\u00edpadoch oplat\u00ed mal\u00e1 \u010distiare\u0148 odpadov\u00fdch v\u00f4d pre rodinn\u00e9 domy.<\/p>\n\n\n\n<p>T\u00edm ClearFox\u00ae spolupracuje s loty\u0161sk\u00fdm partnerom, ktor\u00fd uv\u00e1dza do prev\u00e1dzky mal\u00e9 \u010distiarne odpadov\u00fdch v\u00f4d z Bayreuthu. P\u00f4vodne si objednal 10 mal\u00fdch \u010distiarn\u00ed odpadov\u00fdch v\u00f4d ClearFox\u00ae QuickOne SBR.<\/p>\n\n\n\n<p><strong>Probl\u00e9m<\/strong><strong><\/strong><\/p>\n\n\n\n<p>Jednou z v\u00fdziev v tomto projekte bolo vyhovie\u0165 \u0161pecifik\u00e1ci\u00e1m a \u017eelaniam z\u00e1kazn\u00edka. D\u00f4le\u017eit\u00e1 bola predov\u0161etk\u00fdm podzemn\u00e1 in\u0161tal\u00e1cia, ako aj spo\u013eahliv\u00e9 a dlhotrvaj\u00face \u010distenie odpadov\u00fdch v\u00f4d. Ke\u010f\u017ee z\u00e1kazn\u00edk chce vykona\u0165 in\u0161tal\u00e1ciu s\u00e1m, je potrebn\u00e1 neust\u00e1la v\u00fdmena inform\u00e1ci\u00ed medzi pl\u00e1novan\u00edm projektu a podmienkami na mieste.<\/p>\n\n\n\n<p><strong>Rie\u0161enie<\/strong><strong><\/strong><\/p>\n\n\n\n<p>ClearFox\u00ae QuickOne SBR je ide\u00e1lna mal\u00e1 \u010distiare\u0148 odpadov\u00fdch v\u00f4d pre rodinn\u00e9 domy. Robustn\u00e1 a rota\u010dne odlievan\u00e1 plastov\u00e1 n\u00e1dr\u017e je ide\u00e1lna pre podzemn\u00fa in\u0161tal\u00e1ciu. Zabudovan\u00fd syst\u00e9m SBR z\u00e1sobuje mikroorganizmy, ktor\u00e9 s\u00fa v odpadovej vode, vzduchom. V d\u00f4sledku toho prebieha aer\u00f3bne \u010distenie odpadov\u00fdch v\u00f4d, pri ktorom vznik\u00e1 sekund\u00e1rny kal, ktor\u00fd sa usadzuje na dne \u010distiarne. Tento aktivovan\u00fd kal podporuje bud\u00face \u010distenie odpadov\u00fdch v\u00f4d v ka\u017edom cykle.<\/p>\n\n\n\n<p>Zabudovan\u00fd syst\u00e9m SBR pracuje v \u0161tyroch f\u00e1zach: plnenie, vetranie, \u010das odpo\u010dinku a ods\u00e1vanie \u010distej vody. Tieto \u0161tyri f\u00e1zy spolu tvoria cyklus, ktor\u00fd trv\u00e1 pribli\u017ene osem hod\u00edn. Integrovan\u00fd riadiaci syst\u00e9m monitoruje proces a prisp\u00f4sobuje jednotliv\u00e9 f\u00e1zy kol\u00edsaj\u00facemu za\u0165a\u017eeniu odpadovou vodou. Ods\u00e1van\u00e1 \u010dist\u00e1 voda je vhodn\u00e1 na priame vyp\u00fa\u0161\u0165anie do \u017eivotn\u00e9ho prostredia.<\/p>\n\n\n\n<p>Mal\u00e1 \u010distiare\u0148 odpadov\u00fdch v\u00f4d pre rodinn\u00e9 domy je ide\u00e1lnym rie\u0161en\u00edm v mnoh\u00fdch krajin\u00e1ch, ako \u010deli\u0165 v\u00fdzvam komun\u00e1lneho \u010distenia odpadov\u00fdch v\u00f4d. Ak m\u00e1te ak\u00e9ko\u013evek ot\u00e1zky alebo m\u00e1te z\u00e1ujem o nez\u00e1v\u00e4zn\u00fa ponuku, nev\u00e1hajte n\u00e1s kontaktova\u0165.<\/p>\n\n\n\n<figure class=\"wp-block-image size-full\"><img fetchpriority=\"high\" decoding=\"async\" width=\"450\" height=\"266\" src=\"https:\/\/hebi.sk\/wp-content\/uploads\/2024\/08\/image-40.png\" alt=\"\" class=\"wp-image-381\" srcset=\"https:\/\/hebi.sk\/wp-content\/uploads\/2024\/08\/image-40.png 450w, https:\/\/hebi.sk\/wp-content\/uploads\/2024\/08\/image-40-300x177.png 300w\" sizes=\"(max-width: 450px) 100vw, 450px\" \/><\/figure>\n\n\n\n<figure class=\"wp-block-image size-full\"><img decoding=\"async\" width=\"414\" height=\"311\" src=\"https:\/\/hebi.sk\/wp-content\/uploads\/2024\/08\/image-41.png\" alt=\"\" class=\"wp-image-382\" srcset=\"https:\/\/hebi.sk\/wp-content\/uploads\/2024\/08\/image-41.png 414w, https:\/\/hebi.sk\/wp-content\/uploads\/2024\/08\/image-41-300x225.png 300w\" sizes=\"(max-width: 414px) 100vw, 414px\" \/><\/figure>\n\n\n\n<figure class=\"wp-block-image size-full\"><img decoding=\"async\" width=\"500\" height=\"634\" src=\"https:\/\/hebi.sk\/wp-content\/uploads\/2024\/08\/image-42.png\" alt=\"\" class=\"wp-image-385\" srcset=\"https:\/\/hebi.sk\/wp-content\/uploads\/2024\/08\/image-42.png 500w, https:\/\/hebi.sk\/wp-content\/uploads\/2024\/08\/image-42-237x300.png 237w\" sizes=\"(max-width: 500px) 100vw, 500px\" \/><\/figure>\n\n\n\n<figure class=\"wp-block-image size-full\"><img loading=\"lazy\" decoding=\"async\" width=\"395\" height=\"523\" src=\"https:\/\/hebi.sk\/wp-content\/uploads\/2024\/08\/image-43.png\" alt=\"\" class=\"wp-image-386\" srcset=\"https:\/\/hebi.sk\/wp-content\/uploads\/2024\/08\/image-43.png 395w, https:\/\/hebi.sk\/wp-content\/uploads\/2024\/08\/image-43-227x300.png 227w\" sizes=\"(max-width: 395px) 100vw, 395px\" \/><\/figure>\n","protected":false},"excerpt":{"rendered":"<p>Realiz\u00e1cia: 2022 Miesto: Loty\u0161sko Pou\u017eitie: Mal\u00e1 \u010distiare\u0148 odpadov\u00fdch v\u00f4d v plastov\u00fdch n\u00e1dr\u017eiach Ve\u013ekos\u0165: 4 EW Modul: ClearFox\u00ae QuickOne SBR Vlastnosti: Poskytovanie v\u0161etk\u00fdch inform\u00e1ci\u00ed pre nez\u00e1visl\u00e9 uvedenie do prev\u00e1dzky, priame vyp\u00fa\u0161\u0165anie, spo\u013eahliv\u00e9 a dlhotrvaj\u00face \u010distenie odpadov\u00fdch v\u00f4d Sektor: \u010cistenie odpadov\u00fdch v\u00f4d z dom\u00e1cnost\u00ed Situ\u00e1cia V Loty\u0161sku \u2013 najm\u00e4 vo vidieckych oblastiach \u2013 nie je \u010distenie komun\u00e1lnych [&hellip;]<\/p>\n","protected":false},"author":1,"featured_media":0,"parent":0,"menu_order":0,"comment_status":"closed","ping_status":"closed","template":"","meta":{"footnotes":""},"class_list":["post-146","page","type-page","status-publish","hentry"],"_links":{"self":[{"href":"https:\/\/hebi.sk\/index.php?rest_route=\/wp\/v2\/pages\/146","targetHints":{"allow":["GET"]}}],"collection":[{"href":"https:\/\/hebi.sk\/index.php?rest_route=\/wp\/v2\/pages"}],"about":[{"href":"https:\/\/hebi.sk\/index.php?rest_route=\/wp\/v2\/types\/page"}],"author":[{"embeddable":true,"href":"https:\/\/hebi.sk\/index.php?rest_route=\/wp\/v2\/users\/1"}],"replies":[{"embeddable":true,"href":"https:\/\/hebi.sk\/index.php?rest_route=%2Fwp%2Fv2%2Fcomments&post=146"}],"version-history":[{"count":2,"href":"https:\/\/hebi.sk\/index.php?rest_route=\/wp\/v2\/pages\/146\/revisions"}],"predecessor-version":[{"id":387,"href":"https:\/\/hebi.sk\/index.php?rest_route=\/wp\/v2\/pages\/146\/revisions\/387"}],"wp:attachment":[{"href":"https:\/\/hebi.sk\/index.php?rest_route=%2Fwp%2Fv2%2Fmedia&parent=146"}],"curies":[{"name":"wp","href":"https:\/\/api.w.org\/{rel}","templated":true}]}}