{"id":139,"date":"2023-10-30T14:49:47","date_gmt":"2023-10-30T13:49:47","guid":{"rendered":"https:\/\/hebi.sk\/?page_id=139"},"modified":"2024-08-28T11:25:42","modified_gmt":"2024-08-28T09:25:42","slug":"cistenie-odpadovych-vod-pre-komplex-domov","status":"publish","type":"page","link":"https:\/\/hebi.sk\/?page_id=139","title":{"rendered":"\u010cistenie odpadov\u00fdch v\u00f4d pre komplex domov."},"content":{"rendered":"\n<p><strong>ClearFox\u00ae FBR v bet\u00f3novej n\u00e1dr\u017ei na \u00fapravu \u0161edej a \u010diernej vody<\/strong><\/p>\n\n\n\n<p>\u010cistenie domov\u00fdch odpadov\u00fdch v\u00f4d<\/p>\n\n\n\n<p><strong>Podrobnosti o projekte<\/strong><\/p>\n\n\n\n<figure class=\"wp-block-table\"><table><tbody><tr><td><strong>Ve\u013ekos\u0165<\/strong><\/td><td>300 m\u00b3\/de\u0148<\/td><\/tr><tr><td><strong>Miesto<\/strong><\/td><td>Trinidad a Tobago<\/td><\/tr><tr><td><strong>Dokon\u010den\u00fd<\/strong><\/td><td>2023<\/td><\/tr><\/tbody><\/table><\/figure>\n\n\n\n<p><strong>Realiz\u00e1cia<\/strong><\/p>\n\n\n\n<figure class=\"wp-block-table\"><table><tbody><tr><td><strong>Osobitosti<\/strong><\/td><td>Podzemn\u00e9 zariadenia<\/td><\/tr><tr><td>&nbsp;<\/td><td>Priame vyp\u00fa\u0161\u0165anie do \u017eivotn\u00e9ho prostredia<\/td><\/tr><tr><td><strong>Proced\u00fara<\/strong><\/td><td>ClearFox\u00ae FBR<\/td><\/tr><tr><td>&nbsp;<\/td><td>Lamelov\u00fd \u010disti\u010d ClearFox\u00ae<\/td><\/tr><\/tbody><\/table><\/figure>\n\n\n\n<p><strong>Projekt<\/strong><\/p>\n\n\n\n<figure class=\"wp-block-table\"><table><tbody><tr><td>&nbsp;<\/td><td><strong>Pred<\/strong><\/td><td><strong>Potom<\/strong><\/td><\/tr><tr><td><strong>CSB<\/strong><\/td><td>800 mg\/l<\/td><td>250 mg\/l<\/td><\/tr><tr><td><strong>BSB<\/strong><\/td><td>400 g\/l<\/td><td>20 mg\/l<\/td><\/tr><\/tbody><\/table><\/figure>\n\n\n\n<h2 class=\"wp-block-heading\"><strong>Popis<\/strong><\/h2>\n\n\n\n<p><strong>Situ\u00e1cia<\/strong><\/p>\n\n\n\n<ul class=\"wp-block-list\">\n<li>In\u017einierska firma z Trinidadu a Tobaga pl\u00e1novala komplex domov pre celkom 300 \u013eud\u00ed. Na tento \u00fa\u010del po\u017eiadala o podzemn\u00fa \u010distiare\u0148 odpadov\u00fdch v\u00f4d. Cie\u013eom bolo vyp\u00fa\u0161\u0165a\u0165 odpadov\u00e9 vody priamo do povrchov\u00fdch v\u00f4d. Cie\u013eom bolo zn\u00ed\u017ei\u0165 odpadov\u00e9 vody z 800 mg\/l na 250 mg\/l a BSK5 zo 400 mg\/l na 20 mg\/l pomocou CHSK. To zodpoved\u00e1 \u2013 pri pripojenej dezinfekcii \u2013 odtokovej triede N.<\/li>\n<\/ul>\n\n\n\n<p><strong>Probl\u00e9m<\/strong><\/p>\n\n\n\n<ul class=\"wp-block-list\">\n<li>In\u017einierska firma by rada videla podzemn\u00fa \u010distiare\u0148 v bet\u00f3novej n\u00e1dr\u017ei, preto\u017ee u\u017e pod zemou nain\u0161talovala mno\u017estvo bet\u00f3nov\u00fdch n\u00e1dr\u017e\u00ed. Zodpovedn\u00ed projektanti potrebuj\u00fa presn\u00e9 kon\u0161truk\u010dn\u00e9 v\u00fdkresy od spolo\u010dnosti PPU Umwelttechnik GmbH, aby mohli navrhn\u00fa\u0165 bet\u00f3nov\u00fa n\u00e1dr\u017e v spr\u00e1vnej ve\u013ekosti a so spr\u00e1vnymi r\u00farami.<\/li>\n<\/ul>\n\n\n\n<p><strong>Rie\u0161enie<\/strong><\/p>\n\n\n\n<ul class=\"wp-block-list\">\n<li>Po tom, \u010do z\u00e1kazn\u00edk dostal v\u0161etky relevantn\u00e9 v\u00fdkresy, pravidelne informoval PPU Umwelttechnik GmbH o aktu\u00e1lnom stave beton\u00e1rskych pr\u00e1c. Medzit\u00fdm spolo\u010dnos\u0165 so s\u00eddlom v Bayreuthe poskytla v\u0161etky komponenty na in\u0161tal\u00e1ciu procesu FBR do bet\u00f3novej n\u00e1dr\u017ee. To zah\u0155\u0148a okrem in\u00e9ho materi\u00e1l pevn\u00e9ho l\u00f4\u017eka, v\u0161etky potrubn\u00e9 pr\u00edpojky, prevzdu\u0161\u0148ovacie dosky a UV dezinfekciu.<\/li>\n<\/ul>\n\n\n\n<p>Proces ClearFox\u00ae FBR je jedn\u00fdm z popredn\u00fdch rie\u0161en\u00ed \u010distenia odpadov\u00fdch v\u00f4d z dom\u00e1cnost\u00ed. Sklad\u00e1 sa zo \u0161peci\u00e1lne nakonfigurovan\u00e9ho materi\u00e1lu s pevn\u00fdm l\u00f4\u017ekom, na ktorom sa mikroorganizmy m\u00f4\u017eu usadi\u0165. V\u010faka pravideln\u00e9mu prid\u00e1vaniu vzduchu vyrast\u00fa a vydychuj\u00fa ne\u010distoty v odpadovej vode. V tomto procese sa vytv\u00e1ra kal, ktor\u00fd sa usadzuje na dne zariadenia. To sa d\u00e1 \u013eahko oddeli\u0165 od \u010distej vody pomocou \u0161ikm\u00e9ho \u010disti\u010da, aby sa mohlo bez v\u00e1hania vypusti\u0165 do \u017eivotn\u00e9ho prostredia.<\/p>\n\n\n\n<p>V tomto projekte PPU Umwelttechnik GmbH podporila z\u00e1kazn\u00edka pri in\u0161tal\u00e1cii a uveden\u00ed do prev\u00e1dzky \u010distiarne odpadov\u00fdch v\u00f4d FBR. Po\u010das in\u0161tala\u010dn\u00fdch pr\u00e1c bol superv\u00edzor ClearFox\u00ae na mieste v Trinidade a Tobagu, aby koordinoval v\u0161etky pr\u00e1ce. \u010cistiare\u0148 funguje spo\u013eahlivo od apr\u00edla 2023, aby vy\u010disten\u00e9 odpadov\u00e9 vody mohli by\u0165 vyp\u00fa\u0161\u0165an\u00e9 do \u017eivotn\u00e9ho prostredia.<\/p>\n\n\n\n<figure class=\"wp-block-image size-full\"><img fetchpriority=\"high\" decoding=\"async\" width=\"750\" height=\"322\" src=\"https:\/\/hebi.sk\/wp-content\/uploads\/2024\/08\/image-33.png\" alt=\"\" class=\"wp-image-361\" srcset=\"https:\/\/hebi.sk\/wp-content\/uploads\/2024\/08\/image-33.png 750w, https:\/\/hebi.sk\/wp-content\/uploads\/2024\/08\/image-33-300x129.png 300w\" sizes=\"(max-width: 750px) 100vw, 750px\" \/><\/figure>\n\n\n\n<figure class=\"wp-block-image size-full\"><img decoding=\"async\" width=\"702\" height=\"526\" src=\"https:\/\/hebi.sk\/wp-content\/uploads\/2024\/08\/image-34.png\" alt=\"\" class=\"wp-image-364\" srcset=\"https:\/\/hebi.sk\/wp-content\/uploads\/2024\/08\/image-34.png 702w, https:\/\/hebi.sk\/wp-content\/uploads\/2024\/08\/image-34-300x225.png 300w\" sizes=\"(max-width: 702px) 100vw, 702px\" \/><\/figure>\n\n\n\n<figure class=\"wp-block-image size-full\"><img decoding=\"async\" width=\"572\" height=\"351\" src=\"https:\/\/hebi.sk\/wp-content\/uploads\/2024\/08\/image-35.png\" alt=\"\" class=\"wp-image-365\" srcset=\"https:\/\/hebi.sk\/wp-content\/uploads\/2024\/08\/image-35.png 572w, https:\/\/hebi.sk\/wp-content\/uploads\/2024\/08\/image-35-300x184.png 300w\" sizes=\"(max-width: 572px) 100vw, 572px\" \/><\/figure>\n\n\n\n<figure class=\"wp-block-image size-full\"><img loading=\"lazy\" decoding=\"async\" width=\"577\" height=\"433\" src=\"https:\/\/hebi.sk\/wp-content\/uploads\/2024\/08\/image-36.png\" alt=\"\" class=\"wp-image-367\" srcset=\"https:\/\/hebi.sk\/wp-content\/uploads\/2024\/08\/image-36.png 577w, https:\/\/hebi.sk\/wp-content\/uploads\/2024\/08\/image-36-300x225.png 300w\" sizes=\"(max-width: 577px) 100vw, 577px\" \/><\/figure>\n","protected":false},"excerpt":{"rendered":"<p>ClearFox\u00ae FBR v bet\u00f3novej n\u00e1dr\u017ei na \u00fapravu \u0161edej a \u010diernej vody \u010cistenie domov\u00fdch odpadov\u00fdch v\u00f4d Podrobnosti o projekte Ve\u013ekos\u0165 300 m\u00b3\/de\u0148 Miesto Trinidad a Tobago Dokon\u010den\u00fd 2023 Realiz\u00e1cia Osobitosti Podzemn\u00e9 zariadenia &nbsp; Priame vyp\u00fa\u0161\u0165anie do \u017eivotn\u00e9ho prostredia Proced\u00fara ClearFox\u00ae FBR &nbsp; Lamelov\u00fd \u010disti\u010d ClearFox\u00ae Projekt &nbsp; Pred Potom CSB 800 mg\/l 250 mg\/l BSB 400 [&hellip;]<\/p>\n","protected":false},"author":1,"featured_media":0,"parent":133,"menu_order":0,"comment_status":"closed","ping_status":"closed","template":"","meta":{"footnotes":""},"class_list":["post-139","page","type-page","status-publish","hentry"],"_links":{"self":[{"href":"https:\/\/hebi.sk\/index.php?rest_route=\/wp\/v2\/pages\/139","targetHints":{"allow":["GET"]}}],"collection":[{"href":"https:\/\/hebi.sk\/index.php?rest_route=\/wp\/v2\/pages"}],"about":[{"href":"https:\/\/hebi.sk\/index.php?rest_route=\/wp\/v2\/types\/page"}],"author":[{"embeddable":true,"href":"https:\/\/hebi.sk\/index.php?rest_route=\/wp\/v2\/users\/1"}],"replies":[{"embeddable":true,"href":"https:\/\/hebi.sk\/index.php?rest_route=%2Fwp%2Fv2%2Fcomments&post=139"}],"version-history":[{"count":3,"href":"https:\/\/hebi.sk\/index.php?rest_route=\/wp\/v2\/pages\/139\/revisions"}],"predecessor-version":[{"id":370,"href":"https:\/\/hebi.sk\/index.php?rest_route=\/wp\/v2\/pages\/139\/revisions\/370"}],"up":[{"embeddable":true,"href":"https:\/\/hebi.sk\/index.php?rest_route=\/wp\/v2\/pages\/133"}],"wp:attachment":[{"href":"https:\/\/hebi.sk\/index.php?rest_route=%2Fwp%2Fv2%2Fmedia&parent=139"}],"curies":[{"name":"wp","href":"https:\/\/api.w.org\/{rel}","templated":true}]}}