{"id":104,"date":"2023-10-30T14:14:34","date_gmt":"2023-10-30T13:14:34","guid":{"rendered":"https:\/\/hebi.sk\/?page_id=104"},"modified":"2024-09-03T09:52:09","modified_gmt":"2024-09-03T07:52:09","slug":"priemyselna-cisticka-odpadovych-vod","status":"publish","type":"page","link":"https:\/\/hebi.sk\/?page_id=104","title":{"rendered":"Priemyseln\u00e1 \u010distiare\u0148 odpadov\u00fdch v\u00f4d"},"content":{"rendered":"\n<p>Priemyseln\u00e9 \u010distenie odpadov\u00fdch v\u00f4d je proces riadenia a \u010distenia odpadov\u00fdch v\u00f4d z priemyseln\u00fdch aplik\u00e1ci\u00ed. Priemyseln\u00e1 odpadov\u00e1 voda je ove\u013ea koncentrovanej\u0161ia ako typick\u00e9 odpadov\u00e9 vody alebo fek\u00e1lie, s vy\u0161\u0161\u00edmi koncentr\u00e1ciami BSK a CHSK. Na\u0161a spolo\u010dnos\u0165 sa \u0161pecializuje na \u010distenie tak\u00fdchto odpadov\u00fdch v\u00f4d a zabezpe\u010duje, aby z\u00e1kazn\u00edci dodr\u017eiavali ich pr\u00edsne predpisy o vyp\u00fa\u0161\u0165an\u00ed a mohli vodu regenerova\u0165 a recyklova\u0165. Recykl\u00e1cia odpadov\u00fdch v\u00f4d odbreme\u0148uje \u017eivotn\u00e9 prostredie a chr\u00e1ni financie.<\/p>\n\n\n\n<p><strong>Rie\u0161enia ClearFox\u00ae na \u010distenie priemyseln\u00fdch odpadov\u00fdch v\u00f4d sa u\u017e pou\u017e\u00edvaj\u00fa v mnoh\u00fdch odvetviach:&nbsp;<\/strong><\/p>\n\n\n\n<p><strong>Odvetvia:<\/strong><\/p>\n\n\n\n<ul class=\"wp-block-list\">\n<li>Spracovanie potrav\u00edn<\/li>\n\n\n\n<li>V\u00fdroba n\u00e1pojov<\/li>\n\n\n\n<li>Ropn\u00fd a plyn\u00e1rensk\u00fd priemysel<\/li>\n\n\n\n<li>Farmaceutick\u00fd priemysel<\/li>\n\n\n\n<li>V\u00fdroba bioplynu<\/li>\n\n\n\n<li>Polovodi\u010dov\u00fd priemysel<\/li>\n\n\n\n<li>tla\u010diarensk\u00e9ho priemyslu<\/li>\n\n\n\n<li>Textiln\u00fd priemysel<\/li>\n\n\n\n<li>Po\u013enohospod\u00e1rske procesy<\/li>\n\n\n\n<li>Pivovary<\/li>\n\n\n\n<li>Vin\u00e1rske z\u00e1vody<\/li>\n\n\n\n<li>Ban\u00edctvo<\/li>\n\n\n\n<li>Prem\u00fdvacia voda z ka\u017edej \u010dinnosti a procesn\u00e1 odpadov\u00e1 voda<\/li>\n<\/ul>\n\n\n\n<p>Clearfox\u00ae je l\u00eddrom na trhu v dizajne, v\u00fdrobe a dod\u00e1vkach priemyseln\u00fdch \u010distiarn\u00ed odpadov\u00fdch v\u00f4d a vo v\u00fdvoji procesov \u010distenia priemyseln\u00fdch odpadov\u00fdch v\u00f4d.<\/p>\n\n\n\n<p><strong>Rie\u0161enia ClearFox\u00ae s\u00fa ide\u00e1lne na \u010distenie priemyseln\u00fdch odpadov\u00fdch v\u00f4d:<\/strong><\/p>\n\n\n\n<ul class=\"wp-block-list\">\n<li>Syst\u00e9my ClearFox\u00ae zabezpe\u010duj\u00fa, \u017ee z\u00e1kazn\u00edk dodr\u017eiava v\u0161etky predpisy o vyp\u00fa\u0161\u0165an\u00ed.<\/li>\n\n\n\n<li>Vy\u010disten\u00fa odpadov\u00fa vodu je mo\u017en\u00e9 op\u00e4tovne pou\u017ei\u0165 v nasleduj\u00facich oblastiach:\n<ul class=\"wp-block-list\">\n<li>Chladiace ve\u017ee<\/li>\n\n\n\n<li>zavla\u017eovanie<\/li>\n\n\n\n<li>um\u00fdvacia voda<\/li>\n\n\n\n<li>Procesn\u00e1 voda<\/li>\n<\/ul>\n<\/li>\n\n\n\n<li>Syst\u00e9my ClearFox\u00ae tie\u017e pon\u00fakaj\u00fa efekt\u00edvne rie\u0161enie na \u010distenie komun\u00e1lnych odpadov\u00fdch v\u00f4d.<\/li>\n<\/ul>\n\n\n\n<p><strong>Rie\u0161enie:<\/strong><\/p>\n\n\n\n<p>&nbsp;<strong>Rie\u0161enia ClearFox\u00ae na \u010distenie priemyseln\u00fdch odpadov\u00fdch v\u00f4d s\u00fa zalo\u017een\u00e9 na:<\/strong><\/p>\n\n\n\n<ul class=\"wp-block-list\">\n<li>Z\u00e1kazn\u00edkovo \u0161pecifick\u00fd kompromis medzi \u00farov\u0148ou automatiz\u00e1cie syst\u00e9mu a jeho individu\u00e1lnou prev\u00e1dzkou<\/li>\n\n\n\n<li>Prisp\u00f4sobenie \u00faradn\u00fdm po\u017eiadavk\u00e1m a ich po\u017eadovan\u00fdm koncentr\u00e1ci\u00e1m v odpade<\/li>\n\n\n\n<li>Optimaliz\u00e1cia vn\u00fatorn\u00fdch procesov zn\u00ed\u017een\u00edm odpadov\u00fdch v\u00f4d<\/li>\n\n\n\n<li>Syst\u00e9my mo\u017eno jednoducho integrova\u0165 do existuj\u00facej infra\u0161trukt\u00fary<\/li>\n\n\n\n<li>Najni\u017e\u0161ie n\u00e1klady na OPEX<\/li>\n\n\n\n<li>Pou\u017eitie \u0161pi\u010dkov\u00fdch procesn\u00fdch technol\u00f3gi\u00ed<\/li>\n\n\n\n<li>n\u00edzka ekologick\u00e1 stopa<\/li>\n\n\n\n<li>Postaven\u00e9&nbsp;pod\u013ea smern\u00edc&nbsp;<a href=\"https:\/\/de.dwa.de\/de\/\" target=\"_blank\" rel=\"noreferrer noopener\">DWA<\/a><\/li>\n<\/ul>\n\n\n\n<p>To umo\u017e\u0148uje t\u00edmu odborn\u00edkov ClearFox\u00ae pon\u00faknu\u0165 cenovo v\u00fdhodn\u00e9 rie\u0161enie na z\u00e1klade po\u017eiadaviek z\u00e1kazn\u00edka.<\/p>\n\n\n\n<p><strong>Technol\u00f3gie <\/strong><\/p>\n\n\n\n<figure class=\"wp-block-image size-full is-resized\"><img fetchpriority=\"high\" decoding=\"async\" width=\"561\" height=\"385\" src=\"https:\/\/hebi.sk\/wp-content\/uploads\/2024\/08\/image-13.png\" alt=\"\" class=\"wp-image-296\" style=\"width:675px;height:auto\" srcset=\"https:\/\/hebi.sk\/wp-content\/uploads\/2024\/08\/image-13.png 561w, https:\/\/hebi.sk\/wp-content\/uploads\/2024\/08\/image-13-300x206.png 300w\" sizes=\"(max-width: 561px) 100vw, 561px\" \/><\/figure>\n\n\n\n<p><strong>ClearFox\u00ae technol\u00f3gie pre priemyseln\u00e9 odpadov\u00e9 vody s\u00fa:<\/strong><\/p>\n\n\n\n<ul class=\"wp-block-list\">\n<li>Sekund\u00e1rne \u010d\u00edrenie a filtr\u00e1cia<\/li>\n\n\n\n<li>Fyzik\u00e1lne a chemick\u00e9 o\u0161etrenie<\/li>\n\n\n\n<li>Vysoko\u00fa\u010dinn\u00e1 biologick\u00e1 lie\u010dba<\/li>\n\n\n\n<li>Membr\u00e1nov\u00e1 filtr\u00e1cia<\/li>\n\n\n\n<li>Pokro\u010dil\u00e1 oxid\u00e1cia DiOx<\/li>\n\n\n\n<li>Odstra\u0148ovanie \u0165a\u017ek\u00fdch kovov<\/li>\n\n\n\n<li>Separ\u00e1cia oleja a vody<\/li>\n\n\n\n<li>Rozpusten\u00e1 rozpusten\u00e1 flot\u00e1cia<\/li>\n\n\n\n<li>Pieskov\u00fd filter<\/li>\n\n\n\n<li>Odvod\u0148ovanie kalu<\/li>\n\n\n\n<li>Flokul\u00e1cia<\/li>\n\n\n\n<li>Polym\u00e9rna pr\u00edsada spolu s in\u00fdmi formami prim\u00e1rnej a terci\u00e1rnej \u00fapravy<\/li>\n<\/ul>\n\n\n\n<p>Spolo\u010dnos\u0165 Clearfox<strong>\u00ae<\/strong> si sama vyr\u00e1ba v\u0161etky z\u00e1kladn\u00e9 komponenty, medzi ktor\u00e9 patria DAF, biologick\u00e9 reaktory (SBR a FBR), pokro\u010dil\u00e1 oxid\u00e1cia DiOx, syst\u00e9my odvod\u0148ovania kalu a chemicko-fyzik\u00e1lne syst\u00e9my pre zr\u00e1\u017eanie a flokul\u00e1ciu.<\/p>\n\n\n\n<p><\/p>\n\n\n\n<p>Chceli by ste viac inform\u00e1ci\u00ed?H\u013ead\u00e1te dom\u00e1cu \u010disti\u010dku odpadov\u00fdch v\u00f4d a potrebujete \u010fal\u0161ie inform\u00e1cie?\u00a0Nev\u00e1hajte n\u00e1s kontaktova\u0165!\u00a0<\/p>\n\n\n\n<div class=\"wp-block-buttons is-layout-flex wp-block-buttons-is-layout-flex\">\n<div class=\"wp-block-button\"><a class=\"wp-block-button__link wp-element-button\" href=\"https:\/\/hebi.sk\/?page_id=136\">Kontaktn\u00fd formul\u00e1r<\/a><\/div>\n<\/div>\n\n\n\n<p><\/p>\n","protected":false},"excerpt":{"rendered":"<p>Priemyseln\u00e9 \u010distenie odpadov\u00fdch v\u00f4d je proces riadenia a \u010distenia odpadov\u00fdch v\u00f4d z priemyseln\u00fdch aplik\u00e1ci\u00ed. Priemyseln\u00e1 odpadov\u00e1 voda je ove\u013ea koncentrovanej\u0161ia ako typick\u00e9 odpadov\u00e9 vody alebo fek\u00e1lie, s vy\u0161\u0161\u00edmi koncentr\u00e1ciami BSK a CHSK. Na\u0161a spolo\u010dnos\u0165 sa \u0161pecializuje na \u010distenie tak\u00fdchto odpadov\u00fdch v\u00f4d a zabezpe\u010duje, aby z\u00e1kazn\u00edci dodr\u017eiavali ich pr\u00edsne predpisy o vyp\u00fa\u0161\u0165an\u00ed a mohli vodu regenerova\u0165 [&hellip;]<\/p>\n","protected":false},"author":1,"featured_media":0,"parent":93,"menu_order":0,"comment_status":"closed","ping_status":"closed","template":"","meta":{"footnotes":""},"class_list":["post-104","page","type-page","status-publish","hentry"],"_links":{"self":[{"href":"https:\/\/hebi.sk\/index.php?rest_route=\/wp\/v2\/pages\/104","targetHints":{"allow":["GET"]}}],"collection":[{"href":"https:\/\/hebi.sk\/index.php?rest_route=\/wp\/v2\/pages"}],"about":[{"href":"https:\/\/hebi.sk\/index.php?rest_route=\/wp\/v2\/types\/page"}],"author":[{"embeddable":true,"href":"https:\/\/hebi.sk\/index.php?rest_route=\/wp\/v2\/users\/1"}],"replies":[{"embeddable":true,"href":"https:\/\/hebi.sk\/index.php?rest_route=%2Fwp%2Fv2%2Fcomments&post=104"}],"version-history":[{"count":7,"href":"https:\/\/hebi.sk\/index.php?rest_route=\/wp\/v2\/pages\/104\/revisions"}],"predecessor-version":[{"id":573,"href":"https:\/\/hebi.sk\/index.php?rest_route=\/wp\/v2\/pages\/104\/revisions\/573"}],"up":[{"embeddable":true,"href":"https:\/\/hebi.sk\/index.php?rest_route=\/wp\/v2\/pages\/93"}],"wp:attachment":[{"href":"https:\/\/hebi.sk\/index.php?rest_route=%2Fwp%2Fv2%2Fmedia&parent=104"}],"curies":[{"name":"wp","href":"https:\/\/api.w.org\/{rel}","templated":true}]}}